7, -3*i + 1336 = p*f. Is f composite?
False
Let n be ((-11)/5 + -2)*(-2 - 18). Let q = -77 + n. Suppose -j - y = -4042, q*y = -j + 11*y + 4057. Is j composite?
True
Let h(a) = 32416*a**2 + 180*a + 367. Is h(-2) a prime number?
True
Let c = -33 - -35. Suppose -w - c*g = -6*w + 1440, 0 = -3*w + 2*g + 860. Is (-3)/6*-6 + w prime?
True
Let y(k) = k**3 - 5*k**2 - k + 6. Let p be y(5). Let w(j) = 130*j**2 + 3*j - 2. Is w(p) a prime number?
True
Let h be (-62)/((-2)/15*(-36)/(-12)). Suppose 49869 = 164*x - h*x. Is x composite?
True
Let p be (57/6 - 2)/(3/4). Let m be (-16406)/p + (-40)/100. Is (-4)/3 + 6/(-9) - m prime?
False
Let k(c) = 74*c**2 + 24*c + 58. Let g be k(19). Is ((-56)/(-12))/(8/g) prime?
False
Let l = 147032 + 481913. Is l a composite number?
True
Let f(j) = j**3 + 25*j**2 - 44*j + 27. Let g be f(-30). Let a = 13576 - g. Is a a prime number?
True
Let i = -28500 + 59599. Is i composite?
True
Let s = 79 - 87. Let g = s - -12. Suppose 152 = g*o - 732. Is o a prime number?
False
Let z(c) = 16*c**3 - 4*c + 31. Let f(v) = 9*v**3 - 4*v + 3. Let n be f(1). Is z(n) prime?
True
Let g(k) = k - 1. Let f(l) = 1585*l + 6. Let d(v) = f(v) + 2*g(v). Let m be d(2). Suppose 3*j - m = 1133. Is j composite?
True
Let f = 570 + -566. Suppose -f*k + 44632 = 2*g, -k - 14*g + 18*g + 11149 = 0. Is k composite?
True
Let z = 64 + -52. Let h(w) = -w**3 + 24*w**2 + 28*w - 17. Is h(z) a composite number?
True
Let r(c) be the second derivative of -c**5/20 + 7*c**4/6 - 11*c**3/6 + 21*c**2 + 2*c. Let w be r(13). Is 163956/w - (3 + 196/(-68)) prime?
True
Suppose -1 = -6*l + 35. Suppose 0 = 3*k + l*k + 7470. Let g = -309 - k. Is g composite?
False
Let l(n) = 3*n**3 - 3*n**2 - 17*n + 68. Let o be l(6). Suppose 3*z - 128 = -4*b, -3*b + 5*z + 71 = -25. Suppose 30*r - b*r = -o. Is r composite?
True
Suppose 448 = z + 2*g, -2*z = -6*z + g + 1774. Let l = z - -241. Is l a composite number?
True
Let z(r) = 261*r**2 - 19*r + 141. Is z(13) a prime number?
False
Suppose -224360 + 889783 = 11*b. Is b a composite number?
False
Suppose 29*n - 8175115 = 4275078. Is n prime?
False
Suppose -427229 = -86*j + 15017597. Is j a composite number?
False
Let a be 329/(-3) + (-57)/9 + 6. Let h = a - -109. Let p(b) = -1717*b**3 - 4*b - 4. Is p(h) a composite number?
True
Let p(k) = 601*k**3 - 6*k**2 - 59*k + 239. Is p(4) a composite number?
False
Let l(s) = -12*s - 7. Let q(c) = -27*c**2 + c. Let t be q(-1). Let a = t + 23. Is l(a) prime?
True
Suppose 0 = -5*i - 123 + 138. Suppose -i*p = 0, -w = w + 4*p - 3386. Is w a prime number?
True
Is (1110883 - -73) + (2/11 - (-194)/22) prime?
False
Suppose -2*t + m + 13081 = 0, 5*m + 0*m = -2*t + 13099. Is t a composite number?
True
Suppose -924 = -k + 6731. Suppose -5*o - 1680 + k = 0. Suppose -8*y = -o - 4749. Is y composite?
False
Let t = 118462 - -154344. Is t composite?
True
Let v = 69269 - -34374. Is v prime?
True
Let d = 262 - 260. Let y(o) = 260*o**3 + 3*o**2 + 3*o - 3. Is y(d) a composite number?
True
Let s = 574 - -188. Suppose 2*r + s = 8*r. Let c = -40 + r. Is c a composite number?
True
Let p = 282318 - -310715. Is p prime?
False
Let a(c) = -6376*c - 5103. Is a(-10) a prime number?
True
Let q be (-2)/11 - 20/11. Let k be q + (0/4 - 0). Is 2 + 2 + k + 413 prime?
False
Let x be 8*1/6*(-15)/(-10). Is (2234/x)/((-15)/(-15)) prime?
True
Suppose -844297 = -7*g + 168357 + 547989. Is g prime?
False
Let a(v) = 517*v**2 + 2*v - 7. Suppose 2*q + 21 = 9*q. Let o be a(q). Suppose 11*g - 309 = o. Is g a composite number?
True
Suppose 0 = -u - 23*k + 27*k + 54907, -4*u + 5*k = -219672. Is u a prime number?
False
Suppose 3*x = -18 + 9, 4*q = 5*x + 2535067. Is q a composite number?
True
Let g(k) = -6*k + 172. Let y be g(27). Suppose -20067 = -y*c + 34123. Is c prime?
True
Let u = 16526 - -10153. Is u composite?
True
Suppose -x = -2*i + 6842, 4*i - 4*x + 6832 = 6*i. Let z = 9575 - i. Is z prime?
False
Suppose -2*d + 5*m = 0, -m = d - 0*m - 7. Suppose -5*k - d*y = -8730, -19*k + 17*k - y = -3487. Is k composite?
False
Suppose 152 = 5*a + 32. Suppose -a*x + 27*x - 2229 = 0. Is x composite?
False
Let r be -4*(50/(-24) + 2)*12. Suppose 0 = -5*p - 0*p + r*y + 30603, -3*y - 24482 = -4*p. Is p prime?
False
Let m be -30*(-10)/45 + (-4)/6. Let z be (-2 - -5)*((-8)/m + 2). Suppose 0 = -5*s + 5*y + 1950, -z*s + 608 = -y - 173. Is s prime?
False
Suppose u + 2*l = 468615, u = -9*l + 11*l + 468647. Is u a composite number?
True
Let n(a) = 6*a - 252. Let j be n(40). Let u(s) = 22*s**2 - 20*s - 22. Is u(j) composite?
True
Let f(k) = 108*k**2 + 25*k + 90. Let o be f(-5). Let j = o + -1514. Is j prime?
True
Let d(n) = -2897*n - 513. Is d(-6) prime?
False
Suppose -7*x - 3*x - 91412 = -14*x. Is x a prime number?
True
Let g(b) = b**3 + 15*b**2 - 5. Suppose 71 = -5*i + r, 74 = 3*i - 8*i + 4*r. Is g(i) a composite number?
False
Let l(y) = -y**3 - 2*y**2 - 6. Let c be l(-3). Is 0 + c + 7*24471/63 a composite number?
True
Suppose 1725 = -27*i + 22*i. Is (-22)/(3/(i/10)) a prime number?
False
Let k be (-2)/(1/((-10)/5)). Suppose -5*a - 2*d = -3363, -a + k*d + 507 = -170. Is a prime?
True
Suppose 2*b - 2*g + 2 = 0, -3 = b - 4*b + g. Is (-12 - (5 + -2522)) + (0 - b) composite?
False
Suppose 5143 = 6*g - 1715. Let b be (2 - (4 - -1)) + -721. Let r = b + g. Is r prime?
True
Suppose 49391*t + 945258 = 49397*t. Is t a prime number?
True
Let p = -13474 + 39417. Is p prime?
True
Suppose 0 = -2*y + 6*y - 52. Let g = y - 20. Let k(i) = -128*i - 19. Is k(g) a prime number?
True
Let r(c) = c**3 - 7*c**2 - 10*c + 12. Let s be r(8). Let a(m) = -79*m**3 + 6*m**3 - 5 + 33*m**3 - m**2. Is a(s) a prime number?
True
Suppose 4*l = -3*c + 1259401, 2*c + 1204525 = 4*l - 54881. Is l prime?
True
Let p be ((-2)/(-4))/(6/24*1). Suppose 0*d - 5*d - 20 = 0. Is (-1354)/(-4) + p/(d/(-1)) prime?
False
Is (-17 + (-4359078)/72)*-1*4 composite?
True
Let i(o) be the third derivative of -75*o**4/2 - 13*o**3/6 + 8*o**2. Let p be ((-3)/6)/(2/20). Is i(p) a composite number?
True
Suppose 0 = -4*k - 4*c + 962895 - 12591, -3*k + 712723 = 4*c. Is k a composite number?
False
Suppose -4*w + 6 = s - 3*w, 5*w - 15 = -2*s. Suppose -29*r + 4*l = -25*r - 10080, -s*r - 2*l = -12586. Is r a composite number?
True
Let t(x) = 5695*x**2 + 434*x - 2581. Is t(6) composite?
False
Let l(f) be the first derivative of 1369*f**2 - 69*f - 254. Is l(2) composite?
False
Suppose 14233*f = 14246*f - 97487. Is f a prime number?
True
Let x(k) = 20245*k - 607. Is x(84) prime?
False
Let n(y) = 8659*y - 4265. Is n(156) composite?
False
Let z(s) = 210*s - 214. Let q(g) = -2*g - 1. Let n(v) = q(v) + z(v). Is n(13) composite?
True
Let p be 53/477*(2 + 7 + 0). Is (-9784)/(-4) + p + (4 - 2) a composite number?
True
Suppose 4*y + 9 = -47. Let a(f) = -2 + 8*f**2 - 4 - 3 - 4*f**2 + 6*f - 6. Is a(y) a composite number?
True
Let b be (-6)/2 - (-5)/(10/(-4812)). Let x = -1213 - b. Let n = 2115 - x. Is n a prime number?
True
Is 244004/(-8)*(27 + -29) composite?
False
Let s = -17 - -20. Suppose -5*n = -3*q + 41, -4*n = -s*q - 5*n + 17. Let x(c) = 22*c + 1. Is x(q) composite?
True
Let a(h) = h**3 + 30*h**2 + 30*h - 37. Is a(20) a composite number?
False
Let a(k) = 6*k**2 + 5*k + 3. Let p be a(-2). Is (-587)/(-15) - p/(1785/14) a composite number?
True
Suppose -18814230 + 3542811 = -46*x - 37*x. Is x composite?
True
Suppose -29*j = -26*j. Suppose -2*a + 1116 + 301 = 3*n, a + 4*n - 721 = j. Is a composite?
False
Let c = -43688 - -95391. Is c prime?
False
Let q = 1904 - 233. Suppose 3*w - 18031 = 2*s, -4*w - s + 22352 = -q. Is w composite?
False
Let i(r) = 549*r**2 - 15*r + 17. Let u = -71 - -75. Is i(u) a composite number?
False
Suppose -161*i + 82490034 = 21214101 - 88629718. Is i a composite number?
True
Let s(n) = 27*n**2 - 3*n + 4. Suppose 0 = -3*t + 15, 4*t - 2 + 12 = 3*b. Let p be s(b). Let l = 5873 - p. Is l composite?
True
Let m be -1172*(1 - (-10)/(-8)). Let p = -5 - -11. Suppose 5*d = p*d - m. Is d a composite number?
False
Suppose k - 2*w - 2*w = -6, 0 = -4*k + 5*w - 2. Suppose -3186 = -m - 2*m + 3*y, -k*m = y - 2139. Is m a prime number?
False
Suppose -5537*y = -5553*y + 2100880. Is y composite?
True
Let f(d) = -5*d - 95. Let g be f(-23). Suppose g*q + 9778 = 22*q. Is q composite?
False
Let g = 189333 - 119632. Is g a composite number?
True
Let o be (0 + 4